23
Let b(d) = 1268*d - 327141. Determine b(258).
3
Let f(r) = 19*r**2 + 31922*r + 255427. Give f(-8).
1267
Let p(t) = -18*t**2 - 60700*t + 60701. Give p(1).
-17
Let y(c) = 5946*c + 17920. Give y(-3).
82
Let w(p) = 22*p**3 + 108*p**2 - 15*p + 37. Calculate w(-6).
-737
Let x(y) = -126692*y - 42061739. Give x(-332).
5
Let z(x) = -449*x + 5046. Calculate z(12).
-342
Let s(m) = 415*m**2 + 176785*m - 2127. What is s(-426)?
3
Let z(i) = -50397*i + 1007930. Calculate z(20).
-10
Let z(q) = 24666*q + 8509799. Determine z(-345).
29
Let l(k) = 2*k**2 + 33*k - 317868. Determine l(-407).
-1
Let a(t) = 68*t**3 - 8*t**2 - 4*t + 11. Calculate a(2).
515
Let c(l) = 1052*l**3 - 111*l**2 + 100*l + 14. Give c(1).
1055
Let u(s) = -1809*s + 68850. Determine u(38).
108
Let n(x) = 7*x**3 + 1254*x**2 + 5035*x - 6995. What is n(-175)?
5
Let x(z) = z**3 + 8*z**2 - 20468*z - 122854. Determine x(-6).
26
Let y(q) = -7*q**2 + 136*q + 221. Determine y(21).
-10
Let g(b) = -8*b**3 + 5*b**2 + 1344*b - 2700. Calculate g(2).
-56
Let h(o) = -2*o**3 + 52*o**2 - 539*o + 16000. Calculate h(27).
-11
Let n(w) = w**3 + 140*w**2 + 5354*w + 774761. Calculate n(-141).
-34
Let b(p) = -4321*p - 47058. Give b(-11).
473
Let x(o) = 184*o**2 - 2497*o + 4993. Calculate x(2).
735
Let k(i) = -i**3 - i**2 + 494*i + 1953. Determine k(-4).
25
Let g(d) = 6*d**3 + 88*d**2 + 24*d + 307. What is g(-15)?
-503
Let q(m) = -m**2 - 20482*m + 512768. Calculate q(25).
93
Let h(s) = -55*s**2 + 6294*s + 3570. Determine h(115).
5
Let a(c) = -377*c + 116995. What is a(310)?
125
Let j(z) = -2058*z - 2150. What is j(-1)?
-92
Let f(u) = -5*u**3 - 16*u**2 + 98*u + 361. Give f(-4).
33
Let w(l) = -15*l**2 + 651*l - 5521. What is w(34)?
-727
Let s(y) = 28*y - 3402. Give s(132).
294
Let p(g) = 4*g**2 + 141*g + 1. Determine p(-51).
3214
Let k(y) = -41*y**3 - 32348*y**2 + 759*y - 23673. Give k(-789).
-3
Let n(y) = -60*y**3 + 10*y**2 + y + 4. Calculate n(-1).
73
Let z(b) = 2*b**3 - 28*b**2 - 365*b - 31. Determine z(-8).
73
Let a(u) = -30*u**2 - 483*u - 37. Calculate a(-16).
11
Let n(q) = 111*q**2 - 1528*q + 23. Calculate n(14).
387
Let f(r) = r**2 - 8521*r - 5307634. Determine f(-583).
-2
Let m(k) = -88*k**2 - 28030*k - 14637. Calculate m(-318).
-9
Let r(i) = -129234*i - 1550834. What is r(-12)?
-26
Let f(z) = -5*z**2 + 16191*z + 1090386. Give f(-66).
0
Let a(j) = -j**2 + 77*j - 1931. Determine a(63).
-1049
Let s(a) = 774*a + 430390. Determine s(-556).
46
Let v(k) = -3*k**2 - 453*k - 488. What is v(-150)?
-38
Let u(m) = -2498*m - 14. Calculate u(1).
-2512
Let o(f) = 483*f + 117803. Calculate o(-245).
-532
Let y(o) = 4*o**3 - 1866*o**2 - 943*o + 4171. What is y(467)?
-32
Let w(n) = -140*n**3 + 296*n**2 + 70*n - 137. Calculate w(2).
67
Let n(w) = 129499*w + 3755477. What is n(-29)?
6
Let p(g) = 10*g**3 - 4*g**2 - 11*g + 218. Give p(0).
218
Let b(a) = -a**3 + 73*a**2 - 847*a - 1056. Determine b(58).
278
Let c(y) = y**3 + 27*y**2 - 107084*y + 3151. Calculate c(314).
11
Let p(t) = -t**3 - 73*t**2 + 55*t - 993. Give p(-73).
-5008
Let y(x) = x**3 - 418*x**2 - 8760*x + 54. What is y(438)?
54
Let d(a) = 12*a**3 + 47*a**2 - 26*a + 165. Determine d(-6).
-579
Let k(i) = -i**3 + 10*i**2 - 85*i + 196. Determine k(0).
196
Let d(c) = -c**3 + 277*c**2 + 5624*c + 198. Calculate d(296).
198
Let s(p) = -p**2 - 1270*p - 154898. What is s(-136)?
-674
Let b(m) = -30173*m + 3741455. Give b(124).
3
Let x(o) = 2*o**3 + 27*o**2 + 14*o - 82. Determine x(-12).
182
Let g(r) = -11766*r - 23495. Give g(-2).
37
Let z(x) = 2*x**3 - 314*x**2 - 317*x + 105. Determine z(158).
-53
Let r(o) = -58*o**2 + 6323*o + 6283. Determine r(110).
13
Let c(t) = 3381*t + 125091. What is c(-37)?
-6
Let t(l) = 59*l**3 + 13*l**2 + 321*l - 1042. Determine t(3).
1631
Let i(m) = -147*m + 16573. Determine i(118).
-773
Let a(p) = 13*p**3 + 90*p**2 - 17*p - 73. Calculate a(-7).
-3
Let w(g) = -49*g**2 + 1234*g + 3869. Determine w(28).
5
Let x(q) = 3318394*q + 19910358. Calculate x(-6).
-6
Let a(n) = -203243*n + 609822. Give a(3).
93
Let r(w) = 2*w**2 + 17288*w - 103765. Determine r(6).
35
Let y(v) = -382*v**2 + 666*v - 380. Determine y(1).
-96
Let j(g) = -1146*g + 512255. Calculate j(447).
-7
Let q(f) = -26*f**2 - 14525*f - 128610. Calculate q(-9).
9
Let r(a) = 2313*a + 31. Determine r(-1).
-2282
Let q(h) = -2232*h + 22299. Give q(10).
-21
Let c(s) = -2*s**2 + 503*s + 20034. Determine c(-37).
-1315
Let k(a) = -8*a**3 + 709*a**2 + 13751*a + 441. What is k(105)?
21
Let y(z) = z**3 - 10*z**2 + 9744*z + 48958. What is y(-5)?
-137
Let y(k) = -3325*k - 30200. Determine y(-9).
-275
Let z(s) = -s**3 - 419*s**2 - 2344*s - 982172. What is z(-419)?
-36
Let n(p) = -4*p**2 + 5001*p + 201148. Calculate n(-39).
25
Let t(q) = q**2 - 240*q + 3804. Give t(17).
13
Let a(j) = -j**2 - 68*j + 815. Calculate a(-66).
947
Let d(r) = 896*r - 5212. Calculate d(6).
164
Let g(j) = 128*j**2 - 387*j + 1888. Calculate g(5).
3153
Let h(m) = 8*m**3 - 1581*m**2 + 4102*m - 1311. What is h(195)?
54
Let l(u) = -199*u + 9355. Determine l(39).
1594
Let c(z) = 4106*z + 398279. Calculate c(-97).
-3
Let i(u) = 3064*u - 438149. Give i(143).
3
Let o(k) = -k**3 - 28*k**2 - 74*k + 1204. What is o(-22)?
-72
Let w(k) = -10*k**3 + 2994*k**2 - 1197*k + 397. Calculate w(299).
98
Let y(l) = -l**3 + 1050*l**2 + 7147*l + 266356. What is y(1057)?
-8
Let v(k) = 918*k + 6414. What is v(-7)?
-12
Let s(r) = 68800*r - 550517. Calculate s(8).
-117
Let l(h) = 798*h + 78997. Determine l(-99).
-5
Let l(p) = -35*p**2 + 1317*p - 25. Calculate l(-3).
-4291
Let w(f) = -f**3 - f**2 - 910*f + 764. Give w(0).
764
Let r(l) = -l**2 - 102515*l + 410060. Give r(4).
-16
Let c(t) = 19222*t + 38143. What is c(-2)?
-301
Let i(c) = -1521*c - 3395. Give i(-2).
-353
Let z(x) = -x**3 + 24*x**2 + 198*x - 5464. Determine z(22).
-140
Let q(m) = 11*m**3 - 64*m**2 - 21*m + 48. Determine q(6).
-6
Let f(q) = 19*q**2 - 1492*q - 733. Determine f(79).
-22
Let k(w) = 443*w - 246. Calculate k(3).
1083
Let g(z) = -63016*z + 1638484. What is g(26)?
68
Let k(i) = -144*i**2 + 254*i + 496. Calculate k(-2).
-588
Let n(p) = -2029*p + 8487. Give n(4).
371
Let n(v) = 2*v**3 + 15*v**2 - 1389*v + 2093. Give n(-31).
-15
Let r(s) = -2*s**2 - 48*s + 607. What is r(15)?
-563
Let n(a) = -a**2 + 73*a + 917. What is n(90)?
-613
Let r(l) = 407*l + 30253. Give r(-75).
-272
Let h(x) = -x**2 + 146*x - 3764. Calculate h(32).
-116
Let y(x) = -134783*x + 3234825. Calculate y(24).
33
Let k(v) = -144*v**2 + 1403*v + 8. Determine k(10).
-362
Let p(l) = -2*l**2 - 188*l + 13305. Give p(-143).
-709
Let n(v) = -3665*v + 656234. Give n(179).
199
Let s(r) = -r**3 - 185*r**2 + 1191*r - 276. Determine s(6).
-6
Let n(q) = 10*q**3 + 34*q**2 - 220*q + 3. What is n(6)?
2067
Let j(x) = -1083*x - 46538. What is j(-43)?
31
Let d(k) = 2*k**3 - 76*k**2 - 7*k + 579. Give d(38).
313
Let h(g) = 2115*g + 13278. Calculate h(-6).
588
Let p(y) = 8015*y - 689340. What is p(86)?
-50
Let m(c) = c**2 - 205691*c - 205692. Give m(-1).
0
Let k(x) = x**3 + 110*x**2 + 872*x + 70825. Determine k(-108).
-23
Let t(u) = -590*u**3 + 2*u**2 + 611*u + 612. Calculate t(-1).
593
Let z(p) = 4*p**2 - 437*p + 7710. Determine z(80).
-1650
Let q(u) = -184652*u + 1292577. Calculate q(7).
13
Let i(q) = 1343*q + 9559. Give i(-7).
158
Let y(w) = -2*w**3 + 382*w**2 - 927*w + 327894. Give y(193).
-13
Let o(y) = 3*y**3 + 21*y**2 + 12*y - 109. Determine o(0).
-109
Let t(a) = 31*a**2 + 103*a - 1885. Calculate t(-13).
2015
Let n(a) = 66*a**2 - 25737*a - 1450. What is n(390)?
-280
Let r(p) = -3*p**3 - 51*p**2 - 186*p - 3045. What is r(-17)?
117
Let g(o) = o**2 - 12*o + 565. Calculate g(0).
565
Let j(y) = -53*y + 442. What is j(10)?
-88
Let c(z) = z**3 + 98*z**2 + 11*z + 882. What is c(-98)?
-196
Let y(s) = 122301*s + 4158235. Give y(-34).
1
Let o(r) = -3877*r + 627845. Calculate o(162).
-229
Let y(m) = -m**3 + 149*m - 712. What is y(5)?
-92
Let q(l) = -93*l + 6402. Calculate q(74).
-480
Let o(r) = -2072*r - 540798. Determine o(-261).
-6
Let v(a) = a**3 + 21*a**2 - 341*a - 7243. What is v(-20)?
-23
Let l(v) = -3*v**3 - 20*v**2 - 166*v - 243. Give l(-2).
33
Let i(j) = j**2 - 1984*j - 35941. Determine i(-18).
95
Let x(g) = -14*g**2 + 238*g + 3137. Calculate x(-20).
-7223
Let l(x) = 5*x**2 + 2081*x - 1401720. Calculate l(-777).
-12
Let c(y) = -y**3 - 12*y**2 - 94*y +